1038. Suppose 3*x + 3*n = t, x + 0*n - 3*n = 304. Is x prime?
False
Suppose -4*b - 35 = 5*u, 0 = -0*u - 2*u - b - 14. Let a be 2/u - 276/14. Is 11/4 + (-5)/a a composite number?
False
Let n = -8 - -4. Is (-1 - -3)/(n/(-26)) a prime number?
True
Let l = 301 + -44. Is l a prime number?
True
Let b(w) = 10*w**2 + 1. Is b(-3) a composite number?
True
Let i = -2643 + 3704. Is i prime?
True
Let t = -225 + 356. Is t a composite number?
False
Let q be (-12)/10*340/6. Let g = q + 130. Is g a prime number?
False
Let i = -5 - -2. Let b be 0 + 0/i + -2. Is ((-10)/b)/(1/7) composite?
True
Is (-4)/(-18) - 124/72*-746 composite?
True
Is (1868/(-6))/((-6)/9) composite?
False
Let s be -2*2*(-1)/(-4). Let d = s + 1. Suppose -i - 2*k + 15 = d, 3*i + 5*k = -2*i + 55. Is i a prime number?
True
Let s be 2*((-3)/6)/(-1). Is ((0 - s) + 2)*46 a composite number?
True
Let q(y) be the third derivative of 23*y**6/60 - y**4/24 + y**3/6 - 8*y**2. Is q(1) a prime number?
False
Let o be 16/24 - (-4)/3. Suppose o*t - 377 = 29. Is t composite?
True
Let c(h) = 27*h**2 + 7*h - 2. Let y(f) = 14*f**2 + 4*f - 1. Let b(d) = 6*c(d) - 11*y(d). Let i be b(-2). Is (i - 0)*1 - 0 composite?
True
Suppose 2*p = 8, 2*i - 3*p + 4 = -2. Suppose 0 = -i*z + z + 266. Is z a composite number?
True
Suppose -3*w = -4*w + 2. Suppose -w*d + 92 = 26. Is d a composite number?
True
Suppose 5*u - r + 8 = 4*u, -3*u - r - 40 = 0. Let d be 3/(7 + -1)*222. Is d/u*(-2 + -2) a prime number?
True
Is 3423/27 + 28/126 a composite number?
False
Suppose 0 = 2*q - 15 - 57. Suppose -5*z + 5 = u, 0*u + 52 = -4*u + 4*z. Let s = q + u. Is s composite?
True
Let h(j) = -j**3 + 7*j**2 - 6*j - 5. Let q be h(5). Suppose v - 97 - 80 = -2*a, 0 = 3*v + q. Is a composite?
True
Let f(y) = -y**3 + 7*y**2 + 5*y. Let v be (2*-1 + 1)*-7. Let m be f(v). Let t = m - -4. Is t composite?
True
Let o(q) = q**3 + 6*q**2 - 7*q + 5. Let z be o(-7). Suppose 5*c + 5*a = 380, z*a + 17 = 2. Is c composite?
False
Let d(r) be the second derivative of -r**4/12 - r**3/3 + r**2 + 2*r. Let a be d(-4). Is (0 + (-14)/4)*a prime?
False
Let m be ((-2)/4)/(3/1494). Is ((-1)/(-3))/((-1)/m) a composite number?
False
Let h be 6 + (-3 - 0) + 2. Suppose 3*k - 4*o + 2 = 0, 0*k = -h*k - o + 12. Suppose k*m + 134 - 724 = 0. Is m composite?
True
Let k = 74 - -36. Suppose -3*w - 8 = -k. Let x = w - 12. Is x a composite number?
True
Let n(o) = -o. Let p be n(5). Let f(d) = -d. Let u(j) = -13*j - 3. Let y(r) = 3*f(r) + u(r). Is y(p) prime?
False
Suppose 2*q + 0*q = -414. Let i = -64 - q. Is i a composite number?
True
Suppose 2*t - 1 = -9. Let v(q) = -q**3 - 5*q**2 - 4*q + 2. Let n be v(t). Is n/(-4*(-2)/228) composite?
True
Let k be (-41)/3 - 4/12. Is 0 + -1 - k/1 composite?
False
Suppose -i = -2*j + 20, j = -0*i + 4*i + 10. Is j a composite number?
True
Let s be (-2)/(-7) - (-3051)/(-21). Let u = s + 464. Is u composite?
True
Suppose -9 = -v + 68. Is v a composite number?
True
Let p(b) = -39*b**2 + 4*b - 15. Let j(n) be the first derivative of 8*n**3/3 - n**2/2 + 3*n - 1. Let d(f) = 11*j(f) + 2*p(f). Is d(2) a composite number?
False
Let p = 6 - -9. Suppose d - p = 3*k, 0 = d - 1 - 2. Let l(s) = -s**3 - 3*s**2 + 5. Is l(k) composite?
True
Suppose 0 = -5*g - 0*g + 4*c + 6, g - c = 1. Suppose -13 = -l + g. Is l a composite number?
True
Let t(o) = -o**2 - o - 1. Let x be t(-1). Is -1 + (0 - x)*164 a composite number?
False
Suppose 3*v - 4839 = -306. Is v prime?
True
Suppose 2*o - 4*w + 2 = 0, -3*w + 6*w = 3. Is 0 + 188 - (o + 2) a prime number?
False
Suppose 2*r = 3*r + 3. Let d be (-6)/(-2 - r/6). Suppose 0 = 4*j + d*l - 112, 4*l = j - 2*j + 19. Is j a prime number?
True
Let c(q) = -1243*q - 14. Is c(-1) a prime number?
True
Let o = 139 - 80. Is 4 + -2 + -2 + o composite?
False
Let a(w) = 9*w**2 - 8*w + 8. Let n = -25 - -18. Is a(n) a composite number?
True
Suppose -8 = -2*u + 20. Is (-4)/u + 90/21 composite?
True
Let p(v) = -v**2 - 10*v - 11. Let f be p(-8). Suppose 5*o = -3*h + 3*o + 15, -f*h = -4*o - 47. Is h composite?
False
Let l = 33 - 51. Let y = 19 - l. Is y a composite number?
False
Suppose -8*y + 6*y + 14 = 0. Is (-2)/y + 2349/63 prime?
True
Is (-78)/9*(-33)/2 prime?
False
Suppose 157 = -2*z - 339. Let q = z - -391. Is q prime?
False
Let y be (124/(-3))/(18/(-27)). Let x be (y + 0)/((-2)/1). Let n = x + 44. Is n a prime number?
True
Let n(q) = -5*q**2 - 1. Let p be n(-2). Suppose 2*k - 1 - 31 = 0. Let x = k - p. Is x prime?
True
Suppose 4*t - 1064 = 3*g - 2*g, 3*g = 5*t - 1323. Is t a composite number?
True
Suppose -487 = -w + 8904. Is w a composite number?
False
Let k(u) be the second derivative of u**5/20 - u**4/4 - 2*u**3/3 - 5*u**2/2 - 2*u. Is k(6) a prime number?
True
Suppose 3*j - 5*a = 11, 2*j - 4*j + 1 = 3*a. Suppose j*n - 717 = -n - 3*d, 2*d - 4 = 0. Suppose -5*p + 2*p = -n. Is p a prime number?
True
Let a(w) = w**2 + 2*w - 1. Let s = 19 - 29. Is a(s) a composite number?
False
Let o be (8/12)/(-1)*-3. Let s(n) = n**2 - 9*n + 11. Let f be s(8). Suppose 3*c - 5*i = o*c + 106, f*c = -5*i + 258. Is c composite?
True
Suppose 6*w - 2*w = 8. Let o be (2/w - -12)*2. Let s = o + -15. Is s prime?
True
Let k = -149 - -86. Let j = -26 - k. Is j a prime number?
True
Let j(m) = m - 1. Let s be j(7). Let k(p) = -p**2 - p - 13. Let f(z) = -z**2 - 12. Let w(t) = -6*f(t) + 5*k(t). Is w(s) prime?
True
Let p = -14 + 24. Suppose -5*g - p = -2*q, 0 = -4*q - 3*g - 25 + 97. Is 2/5 + 279/q composite?
False
Let q(u) = -u**2 - u - 1. Let o(y) = 2*y**3 - 8*y**2 - 6*y - 12. Let r(w) = -o(w) + 10*q(w). Let c be r(3). Let s = c - -141. Is s a prime number?
True
Let d be (4/6)/(3/9). Suppose -8 = -d*u - 5*q, u = -4*u - 4*q + 20. Suppose 0 = 5*a + 2*s - 101, -3*s - 22 = -a - u*s. Is a a prime number?
True
Let j = -3 - -7. Suppose j*p - 5 - 11 = 0. Suppose -3*m + 284 = 4*w, -4*w + 0*m + p*m = -284. Is w a prime number?
True
Is (-72)/324 + (-11333)/(-9) a prime number?
True
Let b be 14/63 + (-56)/9. Is b/21 + (-494)/(-14) composite?
True
Suppose -g - 4*s = -1349, -2*g + 7*g = -3*s + 6830. Is g composite?
True
Let m = -653 + 1168. Is m a composite number?
True
Let w(u) = u**3 - 7*u**2 - 7*u - 6. Let b be w(8). Suppose -b*l + 7*l = 955. Is l composite?
False
Let x = 5 - 3. Let h be (2/x)/(2/40). Let q = h + -14. Is q a prime number?
False
Let f = -344 - -829. Is f a prime number?
False
Let v(z) = -z**3 - 9*z**2 + 12*z + 5. Is v(-12) a prime number?
True
Suppose 0 + 18 = -3*t. Is 60 + 5/(15/t) prime?
False
Suppose 0 = -0*n - 5*n + 3815. Suppose -n = -m - 3*m - 3*k, -k = 4*m - 753. Is m a prime number?
False
Let o(w) = w - 22*w + 3 - 2. Is o(-10) a prime number?
True
Suppose -3*o - 4*c + 187 = 0, 5*o + c = -c + 335. Is o prime?
False
Suppose 5*m + 5*x - 5 = 0, -3*x - 3 = -6. Suppose -2*f + 505 = 3*l, -f - l + 277 - 25 = m. Is f a prime number?
True
Let v(w) be the first derivative of w**3/3 - 5*w + 2. Is v(-6) a prime number?
True
Let i(g) be the third derivative of g**6/120 - g**5/60 + g**4/24 + g**3/6 - g**2. Let b(y) = y**2 + 9*y + 4. Let o be b(-9). Is i(o) a prime number?
True
Let x(q) be the third derivative of -q**6/120 + 11*q**5/60 - q**4/3 + 5*q**3/2 + 2*q**2. Is x(10) prime?
False
Let b(q) be the second derivative of 3*q**5/20 + q**4/3 - q**3/3 - q**2 - 4*q. Is b(3) composite?
False
Suppose 2*z = 2*r + 70 + 92, -3*z - 3*r = -219. Is z a composite number?
True
Suppose 3*t = u - 15, 3*u - 6*u + t + 13 = 0. Suppose -4*a = u*y - 895, -5*y + 569 = -3*a - 971. Is y a composite number?
True
Suppose 5922 = 13*w - 851. Is w composite?
False
Is (131/2)/(2/4) a composite number?
False
Suppose -5*s = 9 + 161. Let u = 32 - 16. Is u/8 - (-1 + s) prime?
True
Let z be 51/(-4)*8/3. Is (-2 - -1)*z/1 prime?
False
Let l be (1 - -1) + -2 + 0. Suppose -3*w - 2*w = l. Suppose w = -y + 4 + 11. Is y a composite number?
True
Let g be 6 + 1 + (-1 - 2). Suppose -g*f + 12 = -8*f. Let w = f + 10. Is w prime?
True
Suppose 5*h - 4*o - 414 = 0, -h - 5*o = -5*h + 324. Is (-12)/(-4)*h/3 a composite number?
True
Let f(w) = 4*w**2 - w - 2. Let q be f(2). Is 33*(88/q + -3) prime?
False
Let s(y) = -y**2 - y + 52. Let k be s(0). Suppose -6*j + k = t - 3*j, -2*j = 10. Is t prime?
True
Let u = 2295 - 1565. Suppose 0 = -w + 3*q + 344, 0 = -4*w + q + 679 + u. Is w a prime number?
True
Let l(i) = -i**3 + 3*i**2 + 6*i - 1